d derivative of -t**3/6 + 5*t**2 - 3*t. Let z be k(14). List the prime factors of (-2)/(312/(-76) - z).
19
Let x(t) = t**3 - 3*t**2 + 3*t - 2. Let l be -2 - -3 - (-6 + 5). Let u be x(l). Suppose n + 3*n - 136 = u. What are the prime factors of n?
2, 17
Let g(f) = f**3 + 7*f**2 - 11*f + 1. Let b(y) = -19*y + 13. Let c(p) = 9*p - 6. Let i(d) = -4*b(d) - 9*c(d). Let r be i(2). List the prime factors of g(r).
5
Let q(m) = 25*m + 3. Let l be q(9). Suppose -5*f - 20 = 0, 5*g - 2*g + 3*f = l. Suppose 3*a = 2*i + 6*a - g, 0 = -a + 2. List the prime factors of i.
37
Let c = 2676 + -1874. List the prime factors of c.
2, 401
Suppose -5*c - 2*u + 840 = 0, 504 = 3*c + 2*u - 3*u. Suppose -d - c = -4*d. What are the prime factors of d?
2, 7
Let t(d) = 4*d**3 - 3*d**2 + 15*d - 63. What are the prime factors of t(5)?
19, 23
Suppose 5*n = 2*i + 1433, -n - n - 4*i = -554. What are the prime factors of n?
3, 5, 19
Suppose 0 = -2*s + 5*a - 41, -1 = 2*a - 11. List the prime factors of (106/s)/(2/(-24)).
3, 53
Let g = -4 - -8. Suppose -8 = 2*p - g*p. Suppose 4*m = -4*t + 212, -212 = -p*t + 5*m - 3*m. List the prime factors of t.
53
Suppose v - 14 = -3*a, 10 = -3*v + 3*a + a. Suppose -4*q + 677 = 4*r - 451, v*r - 1126 = -4*q. What are the prime factors of q?
281
Let u(c) = -53*c - 6 + 2 - 31 + 12. List the prime factors of u(-4).
3, 7
List the prime factors of (-1)/(21/14)*-3870.
2, 3, 5, 43
Let p be (0 - -1) + -5 + 6. Let u = 4 + p. Suppose -u*c + 11*c - 10 = 0. List the prime factors of c.
2
Suppose -2*r = -2*j - 30, -4*r - 5*j = -j - 92. Let n be (-515)/35 + (-6)/21. Let p = n + r. What are the prime factors of p?
2
Let d = -1949 + 3346. What are the prime factors of d?
11, 127
Suppose 702 = d + 2*d. What are the prime factors of d + 5/(2 + -1)?
239
Suppose 8*c - 4*c - 8 = 0. Suppose -149 = -c*q + b, -4*q - 3*b - 2*b + 277 = 0. What are the prime factors of q?
73
Let x = -43 + 46. Suppose 7*d - 3*d = -5*i + 76, -x*i - d + 47 = 0. What are the prime factors of i?
2
Let c be (147/(-18))/(-7)*6. Suppose -d + c = 4. What are the prime factors of (-1043)/(-21) + (-2)/d?
7
Suppose -p = 2*p + 9. Let x be (-1 - (-4)/6)*p. List the prime factors of ((-2)/3)/(x/(-36)).
2, 3
Let v = 293 + -263. Let z be 4/3*6/4. Suppose -v = -z*g - g. What are the prime factors of g?
2, 5
Let f(i) = -203*i - 64. List the prime factors of f(-3).
5, 109
Let g be (-356)/28 - 2/7. Let w = 32 - g. What are the prime factors of (-8)/2 - (8 - w)?
3, 11
Let x be ((-20)/22)/5 + (-35)/(-11). What are the prime factors of x + 1*(-76)/(-4)?
2, 11
Let s = 66 + -35. Suppose -b = m - s, 3*b - b = m + 50. Let w = -12 + b. List the prime factors of w.
3, 5
Suppose 0 = 3*w - 751 - 374. What are the prime factors of w?
3, 5
Suppose -59*y = -56*y - 828. What are the prime factors of y?
2, 3, 23
Suppose 3*q - 5 = 1. Suppose q = -3*u + 11. Suppose -2*t = -2*j + 2*t + 28, 2*j - u*t - 32 = 0. What are the prime factors of j?
2, 11
Let v(a) be the second derivative of a**5/20 + 17*a**4/12 + 5*a**3/3 - a**2/2 - 2*a. List the prime factors of v(-16).
5, 19
Let o = -58 + 82. Let g = o - 11. Let a = -10 + g. What are the prime factors of a?
3
Let y(g) = -34*g - 18. Let s be y(-14). Let v be s/10 - (-14)/70. Let j = v + -18. What are the prime factors of j?
2, 7
Suppose -46*a = -43*a - 1677. What are the prime factors of a?
13, 43
What are the prime factors of (-7 - (-174)/18)/((-3)/(-2961))?
2, 7, 47
Suppose -2*d = 2*n - 292 + 106, -2*d + 2*n = -194. Let c = -4 + d. List the prime factors of (-4 + 1)/((-7)/c).
3, 13
Suppose 5*z - 4766 = 4*z - 3*b, z - b = 4778. What are the prime factors of z?
5, 191
Let m = 3 + 2. Let u be 957/9 + 3/(-9). Suppose -u = m*p - 436. What are the prime factors of p?
2, 3, 11
Suppose 0 = 20*t + 9431 - 48451. List the prime factors of t.
1951
Let u(k) = k**2 - 10*k + 4. Let h be u(10). List the prime factors of (h/10)/(5/175).
2, 7
Suppose 81 = -4*m - s - 2*s, 3*s = -2*m - 39. List the prime factors of 148/(-3)*(-5)/((-70)/m).
2, 37
Suppose 1228 = 4*x - 796. List the prime factors of x.
2, 11, 23
Suppose 0 = -2*x - 4*h + 1054, 3*x - 1569 = 11*h - 14*h. What are the prime factors of x?
3, 173
What are the prime factors of ((-10)/(-15))/((-3)/(90405/(-10)))?
7, 41
Let j = 191 - -60. What are the prime factors of j?
251
Suppose 2*r = -2*u + 1458, 0 = -2*r - 4*u + 1684 - 226. List the prime factors of r.
3
Let d(c) = 9*c - 24. Let m(u) = u**3 - 2*u**2 + 3*u. Let a be m(2). What are the prime factors of d(a)?
2, 3, 5
Suppose -2*g = -5*g + g. Suppose g*h = -5*d + 3*h + 429, -95 = -d - 4*h. What are the prime factors of d?
3, 29
Suppose -x = -5 - 11. Let f be 21/2*x/6. What are the prime factors of -1 - 7/(f/(-80))?
19
Suppose 0 = -11*b + 1443 + 900. Let x = b + -107. List the prime factors of x.
2, 53
List the prime factors of (924/(-24))/((-11)/(-4) - 3).
2, 7, 11
Suppose -2*g - 8 = 4*k + 132, -2*g - 132 = -4*k. Let v = 287 + g. List the prime factors of v.
3, 73
What are the prime factors of -2*(-1)/7 + 15093/21?
719
Suppose -4*d - 2 + 10 = 0. Suppose 0 = -d*k - 25 + 117. Suppose -6*p = -k + 4. What are the prime factors of p?
7
Let a = 514 - 354. What are the prime factors of a - (-3)/(-9)*-3?
7, 23
Let q(o) = 5*o**2 + 8*o - 4. Let m be q(7). Let s = m + -193. List the prime factors of s.
2, 13
Suppose -6*a + 9 = -15. Suppose 510 = 5*v - 3*k, -k = -a*k. What are the prime factors of v?
2, 3, 17
What are the prime factors of 1096/(-6)*10*6/(-5)?
2, 137
Suppose -d - 13*u + 10*u + 205 = 0, -820 = -4*d - 5*u. List the prime factors of d.
5, 41
Suppose -4*f + 2*m = 3*m - 8, -3*f = 5*m - 6. Suppose -3*j = 5*w - 360, -644 + 44 = -5*j - f*w. What are the prime factors of j?
2, 3, 5
Suppose 0*x + 3*x + 2*f - 15128 = 0, -15153 = -3*x + 3*f. What are the prime factors of x?
2, 3, 29
Suppose -5*v + 2*w = -21, -5 = -3*v + w + 8. Suppose -x + 5*x + 13 = h, 0 = v*h - 4*x - 49. List the prime factors of (-2 - 91)*(-3)/h.
31
Suppose 0 = -j + 19 - 9. Suppose 3*t - 40 = -t - 4*b, 5*b + j = -t. What are the prime factors of t?
3, 5
Suppose -4*s = 5*h + 247, -2*s = -4*h - h - 229. Let i = 117 + h. What are the prime factors of i?
2, 5, 7
Let n(w) be the third derivative of -w**5/60 - 3*w**4/4 - 8*w**3/3 + w**2. Let d be 15*4/(-1 + -3). What are the prime factors of n(d)?
29
Suppose -9*v + 1196 = -7*v - 2*l, -5*v = -4*l - 2991. What are the prime factors of v?
599
Let d = 1335 + -914. What are the prime factors of d?
421
Let n = 3081 + 1507. What are the prime factors of n?
2, 31, 37
Suppose 2940 = 105*c - 101*c. List the prime factors of c.
3, 5, 7
Let h = 8 - 6. Suppose h*u = 5*u + 12. Let g(t) = t**2 + 4. What are the prime factors of g(u)?
2, 5
Suppose -5*l + 180 = -80. Let z = l - 24. List the prime factors of z.
2, 7
Let p be (-2 - 30)/(1/(-4)). Suppose 0 = -4*v - 5*k + 114 + 75, -3*v = k - p. List the prime factors of v.
41
What are the prime factors of 5 + 8 + 643 + -3?
653
Suppose -2*x = -u - 3, -4*x - 8 = -9*x + 2*u. Suppose -15 = -p - x*p. Suppose -133 = -2*z - 2*z + p*h, 0 = -3*z - 3*h + 93. What are the prime factors of z?
2
Suppose -c - 5*a = -632, 0 = 5*c + 6*a - 7*a - 3134. List the prime factors of c.
3, 11, 19
Suppose j - 20 = -3*j. Let z(n) = n**3 - 5*n**2 + n + 5. Let w be z(j). What are the prime factors of (4 + -3 + 2)*w?
2, 3, 5
Let t(g) = g**2 - 6*g + 3. Let p be t(6). Suppose 4*k - 15 = p*z + 25, -2*z = 0. What are the prime factors of k?
2, 5
Let q be 0*-1*(-4)/16. Let n be -3 - q/2 - -48. Suppose 2*a = -a + n. List the prime factors of a.
3, 5
Let q = 2387 - 58. List the prime factors of q.
17, 137
Let z(q) = -q**2 + 19*q + 11. Let n = -105 + 75. Let i = -14 - n. List the prime factors of z(i).
59
Let r(l) = -87*l**3 + l**2 - l - 1. Let t be -1*-1*(-1 + 0). List the prime factors of r(t).
2, 11
Let r be 25/8 - 15/120. Suppose -2*v - 41 + r = 0. Let h = 52 + v. What are the prime factors of h?
3, 11
Let o(k) = -8*k - 9. Let d be o(-7). Let y be (2 - (-16)/(-6))*(-102)/17. Suppose c = d + y. List the prime factors of c.
3, 17
Let a be (39*(-6)/(-9))/(-2). Let z(k) = k**2 + 7*k + 8. List the prime factors of z(a).
2, 43
Let c = 888 - 533. What are the prime factors of c?
5, 71
Let y(c) = -2*c**3 - 11*c**2 + 8*c + 26. Let x be 18/2*(-17)/((-153)/(-6)). What are the prime factors of y(x)?
2